common factor of j and s?
25
Suppose 0*t - 3 = -t. Suppose 3*x + 5*h - 122 = -0*x, t*h = -2*x + 81. What is the highest common divisor of 13 and x?
13
Suppose -2*x + 5 = -3. Let f(w) = 3*w**3 - 6*w**2. Let u be f(x). What is the greatest common divisor of u and 12?
12
Let a = 30 - 20. Calculate the highest common factor of a and 10.
10
Let w(u) = -2*u + 3. Let l = -38 - -18. Let c be 0 + -1 - l/(-4). Let q be w(c). What is the greatest common factor of q and 5?
5
Suppose 3*f + f = 24. Suppose -10 = -4*b + f. Suppose b*t - 3 = 17. Calculate the greatest common factor of t and 5.
5
Suppose -4*i - 38 = -c, 4*i + 42 = -4*c + 3*c. Let j = 100 - i. Let r = -20 + 64. What is the highest common factor of r and j?
22
Let q(n) = -50*n. Let g be 1 - (-1 - -2)/1. Suppose g = 5*d - 3*d + 2. Let k be q(d). What is the greatest common divisor of 5 and k?
5
Let a = 372 + -42. Suppose 0 = -i + 3*i - a. What is the highest common divisor of i and 15?
15
Let t = 164 + -295. Let n = -87 - t. Calculate the highest common factor of n and 4.
4
Let k = 38 + -30. What is the greatest common factor of k and 4?
4
Suppose -4*b = -3*r + 4, -5*r + 2*b - 26 = -7*r. Calculate the greatest common divisor of r and 20.
4
Let i = -11 + 31. Calculate the highest common factor of i and 80.
20
Let i be (9/3)/(1/2). What is the greatest common factor of 2 and i?
2
Let l be 2/10*-6*-10. Suppose l + 0 = 3*u. Suppose -14 = u*w - 46. What is the greatest common factor of w and 16?
8
Let o = -3 - -4. Let g = o - -2. Let u be (6/(-4))/((-2)/28). What is the greatest common divisor of g and u?
3
Let x = 208 + 116. What is the highest common factor of 36 and x?
36
Let j = -3 + 13. Let c = j + -7. Let w(d) = d**3 + 2*d**2 - d - 3. Let f be w(c). What is the greatest common divisor of 13 and f?
13
Let t be (-2)/(-4) - (-37)/2. What is the highest common divisor of t and 19?
19
Let n(o) = -7*o + 20. Let u be n(0). Calculate the greatest common divisor of 20 and u.
20
Suppose 4*c = -3*j + 7 + 45, -4*c + j = -52. Calculate the greatest common divisor of c and 13.
13
Let v be (-2)/10 + (-22)/(-10). Suppose -v = -t, -l - 3*t = 2*l - 60. Calculate the greatest common divisor of l and 9.
9
Suppose -5*s + 2*n - 31 = 0, -5*s + n - 3*n = 19. Let d be (-357)/(-35) - (-1)/s. What is the highest common divisor of 90 and d?
10
Let k = -67 - -87. Calculate the greatest common factor of 8 and k.
4
Let n be (4/(-6))/((-1)/12). Suppose -2*t = 3*m - 12 - 1, -5*t + 3*m = -43. What is the highest common factor of n and t?
8
Suppose 2*a - 5*a - 4*x + 8 = 0, 8 = 2*a + 4*x. Let d be (-3 - a)/(1 + -4). Let p(c) = c**2 + 1. Let n be p(0). Calculate the highest common factor of n and d.
1
Suppose 2*m - 4*v + 5*v - 22 = 0, 3*v - 55 = -5*m. Calculate the greatest common divisor of 55 and m.
11
Suppose 0 = c + 6 - 20. Calculate the highest common factor of 42 and c.
14
Let t be -2 + (-3 - -10) + 0. Calculate the highest common divisor of 55 and t.
5
Let h(q) = 4*q - 69. Let l be h(20). Calculate the greatest common divisor of l and 99.
11
Suppose 0 = 3*p - p - 18. Calculate the highest common factor of p and 81.
9
Suppose 2*q = -4*s - 3*q + 361, -3*s + 2*q = -242. Let n = 23 + -10. Suppose -f = -y + n + 1, 3*f = -4*y + 42. Calculate the highest common divisor of s and y.
12
Let m = 30 + -81. Let s = m + 87. Suppose 4*b = 2*u, -u + 0*b = 2*b - 8. What is the greatest common factor of u and s?
4
Let u = 0 - -2. Suppose 123 = 5*t - 5*d + 38, -4*t = u*d - 50. Let w be (-9)/(-21) + (-22)/(-14). What is the greatest common divisor of t and w?
2
Let n(y) = -y**2 + 11*y - 11. Let w be n(9). Let g(z) = -z**2 + 6*z + 8. Let o be g(w). Calculate the greatest common divisor of 8 and o.
1
Let l be (16/10)/((-2)/(-20)). Calculate the greatest common divisor of 32 and l.
16
Suppose 4*c = -18 + 194. What is the greatest common factor of 4 and c?
4
Suppose 33 = v + 2*v. Suppose 3*o = -18 - 0. Let g(x) = x**2 - 2*x - 4. Let i be g(o). Calculate the greatest common factor of i and v.
11
Suppose 8*a - 9*a + 12 = -4*k, 3*k = -a - 2. Calculate the greatest common factor of 4 and a.
4
Let f be -5 - -3 - 5*-3. Calculate the highest common divisor of f and 65.
13
Let z be (-2 - 1)/(-4 - -3). Calculate the greatest common divisor of 15 and z.
3
Let q(w) = -w**3 + 7*w + 12. Let j be q(9). Let i be j/(-15) + 4/10. Suppose -4*g + i = -64. Calculate the highest common divisor of g and 18.
9
Let s be (1 + 0)*(-2)/1*-20. Calculate the highest common factor of 30 and s.
10
Let p(m) = m**3 - 2*m**2 + 2*m - 3. Let s be p(2). Let a(l) = 4*l - 12. Let v be a(5). Calculate the highest common factor of s and v.
1
Suppose 0*m = -m + 10. Suppose 9 = -0*s - s. Let v be ((-3)/(s/(-24)))/(-2). Calculate the greatest common factor of v and m.
2
Suppose -4*k - 4 = 4. Let l be k + (-5)/(-1) - -3. What is the highest common factor of l and 24?
6
Suppose 0*k + k = 2. Suppose k*c + 1 = 3*c. What is the highest common divisor of 11 and c?
1
Let d(q) = q + 4. Let b be d(0). Let l(t) = t**2 - 9*t + 8. Let w be l(9). What is the highest common factor of w and b?
4
Let g = -25 + 40. Suppose 3*r = 10 - 4. Suppose 2*f = 3*s + 14 + 1, 0 = -r*s - 6. What is the greatest common divisor of f and g?
3
Suppose 4*x - 2*x = 28. Calculate the greatest common factor of 126 and x.
14
Let o = 13 + -8. Suppose 2*m + 3 = 1, o*m = 3*i - 152. What is the highest common divisor of 7 and i?
7
Suppose -f + 5 = 0, -2*n - 2*f + 0 = -20. Suppose n*c - 74 = 26. Let z = 152 - c. What is the highest common divisor of z and 12?
12
Let k = 15 - 1. Suppose k = 3*x - x. What is the greatest common factor of 56 and x?
7
Suppose -2*b - 2*b + 12 = 2*n, 2*n + 3*b = 8. Let i be (-12)/(n + 3/2). What is the highest common factor of 3 and i?
3
Let i = 195 - 160. Calculate the highest common factor of i and 245.
35
Let z = -29 + 40. What is the highest common divisor of 77 and z?
11
Let c = -30 - -55. Let b = -20 + 30. Calculate the highest common factor of c and b.
5
Let c = 373 + -182. Suppose -4*o = 5*h - o - 259, -4*h + c = -3*o. What is the highest common divisor of h and 10?
10
Let w be (1 - -5)/(21/14). Suppose -t + 2*j = -0*t - 21, -4*j = -w*t + 64. What is the greatest common divisor of t and 55?
11
Let s(f) = -f**2 + f + 8. Let l be s(0). Let q = 73 + -9. What is the greatest common factor of l and q?
8
Let f(s) = -8*s + 3. Let o be f(-4). Let x(g) = g**2 + 3*g - 3. Let a be x(-5). Calculate the greatest common factor of o and a.
7
Let s be 25 + 9/(9/(-4)). Calculate the highest common factor of s and 7.
7
Let o = 12 - 12. Suppose -i + 2*s - 8 = o, 2*i = 4*i - s + 1. What is the greatest common divisor of i and 22?
2
Suppose 5*q + 4*b - 18 = 769, 4*q + 4*b - 632 = 0. Suppose -5*x - 168 = -4*o - 31, -5*o = -3*x - q. Calculate the greatest common divisor of 14 and o.
14
Suppose -3*w + 5*f + 18 = -0*f, 0 = 4*f + 12. What is the greatest common factor of w and 1?
1
Let a be (8/10)/((-1)/(-5)). Suppose -5*n + j = -3 - 6, -j = -1. Suppose 0 = -2*u - n*u + 64. What is the greatest common factor of u and a?
4
Let s be 88/20 - 2/5. What is the greatest common factor of 32 and s?
4
Let m be (13 - 6)*(-6)/(-7). Let x = m - 3. Calculate the highest common divisor of x and 12.
3
Suppose 0*u + 4*u + 4 = 0, 0 = -5*g + 4*u + 124. What is the greatest common divisor of g and 8?
8
Suppose -a + 2*m = 4, -2*m + 13 = 3*a - 7. Calculate the highest common factor of a and 100.
4
Let w = 4 - 3. Calculate the highest common divisor of w and 7.
1
Let p = 212 + -86. Suppose 0 = h + 11 - 25. Calculate the highest common divisor of h and p.
14
Let n = 3 + -4. Let l = n + 5. Suppose 4*p + 127 = 3*a - 3, l*p - 164 = -4*a. Calculate the highest common factor of a and 28.
14
Let h be (-1)/(-2)*11*4. Suppose 0 = -4*q + 43 + 89. What is the greatest common factor of h and q?
11
Let o = 17 - 13. Suppose 34 = 5*m + o*j, 5*m - 3*j = -j + 58. Calculate the highest common divisor of m and 70.
10
Suppose 4*l - 5 = -5*k + l, l + 5 = 0. Let u be (-7 + (1 - k))/(-1). Calculate the highest common factor of u and 70.
10
Let j be 22/(-99) + 1138/18. Suppose 5*w = -3*s + 4 - 15, 1 = -s - w. Let m be 6/(5/s - 1). Calculate the highest common divisor of j and m.
9
Suppose 0 = -5*x - 3*l + 14, 2*x = -2*x - 2*l + 12. Suppose -42 - 216 = 6*d. Let i = 